 + 5. Let a(r) = 2*r + 1. What are the prime factors of a(z)?
7
Suppose 5*d = b - 110, -49 = 3*d - 5*b + 17. Suppose 3*t - 2*u - 107 = 0, -2*t - 3*t - 5*u = -170. Let l = t + d. List the prime factors of l.
13
Suppose -1 = -s, 0 = -3*b + s - 5*s + 4. Suppose q - 1 - 19 = b. List the prime factors of q.
2, 5
Suppose 0 = 5*q + 3*o - 293, 0*o = -3*q - 4*o + 167. What are the prime factors of q?
61
Suppose 0 = -r + 3. Let f be (r/(-6))/((-2)/20). Let m(h) = h**3 - 3*h**2 - 8*h + 4. List the prime factors of m(f).
2, 7
Suppose -15 = -5*g + 4*v, 0*g = -g - 3*v + 3. Suppose u = g*k - 41, 0*k - 67 = -5*k + u. List the prime factors of k.
13
Let l be 4/16*-3*48. Let b = -22 - l. What are the prime factors of b?
2, 7
Let j(k) = -2*k. What are the prime factors of j(-10)?
2, 5
Let b(i) be the second derivative of i**5/20 - 11*i**4/12 + 2*i**3 - 2*i**2 - 3*i. What are the prime factors of b(10)?
2
Suppose 5 = 4*r - 3*r, 15 = 5*h + 4*r. Let i be (18/(-21))/(h/7). Suppose -3*n = -c + 10, 2*c = i*c + 5*n - 40. List the prime factors of c.
2, 5
Suppose -4*p = 304 - 1112. What are the prime factors of p?
2, 101
Let a(y) = -y**3 - 8*y**2 - 9*y + 1. What are the prime factors of a(-8)?
73
Let l(w) = w + 17. Suppose 2*f - 2 = 4*r, 3*r + 5 = 4*r + 5*f. What are the prime factors of l(r)?
17
What are the prime factors of (5 - 6)/(2/(-12))?
2, 3
Let j(h) = 3*h - 1. Let b = -8 - -13. List the prime factors of j(b).
2, 7
Let g(h) be the first derivative of -h**3/3 - 6*h**2 + 7*h + 6. What are the prime factors of g(-12)?
7
Let n(i) = 36*i - 14. Let k(x) = -7*x + 3. Let c(v) = -16*k(v) - 3*n(v). What are the prime factors of c(4)?
2, 5
Let j be (2 + -1)*(-4)/2. Let i(m) = -7*m**3 + m**2 + 6*m - 1. Let t(x) = 8*x**3 - x**2 - 7*x + 1. Let o(v) = 7*i(v) + 6*t(v). List the prime factors of o(j).
11
Suppose -5*l + 0 + 15 = 0. Suppose -l*q = 4*u + q - 32, -3*q = 0. What are the prime factors of u?
2
Suppose k - 69 = 110. What are the prime factors of k?
179
Suppose 64*n - 69*n = -830. What are the prime factors of n?
2, 83
Suppose 4*t - 145 = 267. What are the prime factors of t?
103
Suppose 5*x - 1170 = -4*b + 234, 5*x - 2*b = 1428. List the prime factors of x.
2, 71
What are the prime factors of (-10 + 16)*(-6)/(-4)?
3
Let a be (-1115)/(-45) + (-4)/(-18). Let i = 35 - a. List the prime factors of i.
2, 5
Let o = -2 - -5. Suppose -3*c + i + 22 = o*i, 2*c = -2*i + 16. Suppose z + 40 = c*z. What are the prime factors of z?
2
Suppose -t - 16 + 35 = 0. Let b = t - 14. What are the prime factors of b?
5
Let m(c) = 7*c + 13. What are the prime factors of m(10)?
83
Let v be 24/(-9)*(-132)/16. Let p = 4 + v. What are the prime factors of p?
2, 13
Let t be (4 + -3)/(1/23). Suppose 2*d + t = 3*x - 2*d, -2*x = 3*d - 21. Suppose -3*u + 4*p + x = 0, 0 = 2*u - 2*p - 8. List the prime factors of u.
7
Let p(r) = 7*r - 11. List the prime factors of p(6).
31
Let k = 1 - -59. List the prime factors of k.
2, 3, 5
Suppose 4*v - 34 = -a, 4*a + 4 = 2*a. Let d(u) = 2*u**2 - 2*u**2 - 1 + v*u**2 + 2*u. What are the prime factors of d(1)?
2, 5
What are the prime factors of (-9)/6*(724/(-6))/1?
181
Let w = 4 - 2. Suppose w*u - 13 = u. List the prime factors of u.
13
Let m = 3 - -2. Suppose -3*i + 43 = -2*c, c + 63 = m*i + 3. What are the prime factors of i?
11
Let n(z) = -8*z + 1. Let a(v) = 2*v - 3. Let f be a(0). List the prime factors of n(f).
5
Suppose 16 = 5*l + h, -4*l + h + 19 = -1. Suppose l*s + 3*k = 2*k + 71, 3*k = -3*s + 42. List the prime factors of s.
19
Suppose -6*l - 8 = -2*l. List the prime factors of (2/l)/((-1)/7).
7
Suppose 18 = 2*r - k, -12 = -3*r + 2*k + 14. List the prime factors of r.
2, 5
Let h(o) = -5*o + 3. Let q be h(2). Let f = 14 - 2. Let b = q + f. What are the prime factors of b?
5
Let r = 13 + -13. Suppose r = -0*w - w + 20. List the prime factors of w.
2, 5
Let m = -51 + 97. List the prime factors of m.
2, 23
Let o(p) = 15*p - 9. What are the prime factors of o(7)?
2, 3
Let k = -9 - -2. Let u = k + 11. List the prime factors of u.
2
Suppose b + o = 4*o + 9, -3*b - 2*o + 71 = 0. What are the prime factors of b?
3, 7
Let c = -2 - -7. Suppose -27 = -c*p + 3. What are the prime factors of p?
2, 3
Let d(x) = -2*x - 3*x + 4*x. Let a be d(0). Let u(p) = -p**3 - p**2 + 9. What are the prime factors of u(a)?
3
Suppose 0 = -11*i + 2*i + 81. What are the prime factors of i?
3
Suppose n = -4*n + 125. Suppose -n*y + 21*y = -172. What are the prime factors of y?
43
Let v(k) = -k**3 + k**2 - 2*k + 2. Let n be v(-3). Suppose -5*i - 4 + n = 0. List the prime factors of ((-10)/4)/((-2)/i).
2, 5
Let i(r) = -r**2 - 10*r + 4. Let l be i(-10). Suppose -o = -0*o - s - l, -4*o + 5*s + 16 = 0. List the prime factors of o.
2
Let m(s) = 5*s**2 + 2*s. Let y be m(3). Let z = -36 + y. List the prime factors of z.
3, 5
Let y be ((-4)/(-6))/((-6)/(-18)). Suppose -2*u - y*m = -0 + 2, 1 = 2*u + m. What are the prime factors of u?
2
Suppose -3*y - h = -6*y + 648, 5*y - 1087 = 4*h. Suppose -2*m - 125 = -3*l - 0*m, 0 = 5*l - 5*m - y. What are the prime factors of l?
3, 13
Let o = 71 - 43. Let u = o - 9. What are the prime factors of u?
19
Let i(x) = 0*x + 0*x - 2*x. Suppose -5*q = 9 - 4. What are the prime factors of i(q)?
2
Let r be 2/5 - 84/10. Let s(d) = d**3 + 8*d**2 + d + 11. What are the prime factors of s(r)?
3
Let u(t) = t**2 - 2. Let h be u(-2). Let i = 1 + h. Suppose 0 = i*c - 4*g - 29, -2*c = c - 5*g - 31. List the prime factors of c.
7
Let o(a) be the first derivative of a**4/4 - 5*a**3/3 + 5*a**2/2 - 6*a - 2. Let v be o(4). List the prime factors of 1/(v/(-4)) + 3.
5
Let k(q) = 2*q**2 + q - 4. Let r(a) = -a + 1. Let p be r(5). Let v be k(p). Let x = 43 - v. What are the prime factors of x?
19
Suppose -2*i = i. Suppose i*g - 41 = -g. Suppose -t = 1, -4*r = r - t - g. What are the prime factors of r?
2
Suppose -2*x + 0*q + 310 = 4*q, 4*q - 4 = 0. What are the prime factors of x?
3, 17
Suppose -4*s - 5 = -g + 9, -3*g = 2*s. Let x(k) = -2*k + 8*k - g*k - 3. What are the prime factors of x(2)?
5
Let p(l) = 3*l**2 - 10*l + 9. What are the prime factors of p(6)?
3, 19
Suppose 4*d - d = 0. Suppose 4*i - 174 + 42 = d. Suppose 0*f - i = -3*f. List the prime factors of f.
11
Let g = 7 + -11. Let f = 11 + g. List the prime factors of f.
7
Let h = -84 - -149. What are the prime factors of h?
5, 13
Let s be (-9)/12 - (-12)/16. Let f(x) = s*x**3 - x + 0*x - 3 + 7*x**2 + x**3. What are the prime factors of f(-7)?
2
Let b(z) = z**3 + 4*z**2 - 2*z + 4. Suppose 0 = 2*q + 2*q - r + 21, 0 = -q + 3*r - 19. List the prime factors of b(q).
2, 3
Suppose -136 = -4*l - 4*s + 20, 0 = -4*l - 5*s + 155. What are the prime factors of l?
2, 5
List the prime factors of 194 - (-5 + 2/1).
197
Let m(w) = -w**3 + 6*w**2 + 6. List the prime factors of m(6).
2, 3
Suppose 26 = 5*c + 4*u, 0 = c + 3*c - 2*u - 26. Let s = c - 4. What are the prime factors of s/7 + (-54)/(-7)?
2
Let u(i) = 2*i + 2. Let f(a) = -2*a + 4. Let c be f(4). Let x be ((-6)/c)/((-5)/(-10)). List the prime factors of u(x).
2
Let o(p) = -p**3 + 8*p**2 - 8*p. Let n be o(6). Let i = n + -14. What are the prime factors of i?
2, 5
Let f(j) = j**2. Let l(u) be the first derivative of 4*u**3/3 + u**2/2 - 9*u + 1. Let q(d) = 3*f(d) - l(d). What are the prime factors of q(0)?
3
Let r = -51 - -36. Suppose 0 = 4*z + 9 + 11. Let k = z - r. List the prime factors of k.
2, 5
Let l be (-7)/(14/20) + 2. Let p = 15 + l. Suppose 3*m - p = 5*n - 26, -3*m = -n + 11. What are the prime factors of n?
2
Let x be (-28)/(-12) + 2/3. Suppose 0 = p - x*p + 12. List the prime factors of p.
2, 3
Suppose -466 = -5*l - 2*h, l = -2*h + 4*h + 86. What are the prime factors of l?
2, 23
Let k(j) = j**3 - 4*j**2 + 5*j + 5. Let s be k(5). Suppose -s - 19 = -2*p. List the prime factors of p.
37
Let f(u) = -u**3 + 6*u**2 - 3*u + 4. Suppose -5*m + 16 = -m. List the prime factors of f(m).
2, 3
Let f(l) = l**2 + 4*l + 6. Let c be (-3)/(-2 - -1) + 0. Suppose c*j + 10 = -h, 2*h = 3*j - 6*j - 14. List the prime factors of f(h).
2, 3
Let v(w) = 6*w**2 - 4*w - 30. What are the prime factors of v(7)?
2, 59
Let f(b) = b**2 + 5*b + 17. What are the prime factors of f(7)?
101
Let l(k) = k**2 + 2*k + 3. Suppose -3 = -t - 5*a, 0*t - 2*t + 5*a = 24. Let o = t - -4. List the prime factors of l(o).
2, 3
Suppose 